4?
True
Is 46 a factor of 6834680?
True
Does 12 divide 1644541?
False
Does 17 divide 72003?
False
Is 1498970 a multiple of 110?
True
Is 69914 a multiple of 22?
False
Does 29 divide 5803045?
True
Is 5357798 a multiple of 223?
True
Does 4 divide 11511?
False
Is 98 a factor of 103285?
False
Is 15474026 a multiple of 590?
False
Does 8 divide 333825?
False
Does 3 divide 17198?
False
Is 16967358 a multiple of 41?
True
Is 107816 a multiple of 4?
True
Does 15 divide 67185?
True
Does 237 divide 3898650?
True
Is 8060492 a multiple of 657?
False
Is 115939 a multiple of 57?
False
Is 1752721 a multiple of 13?
False
Is 3773407 a multiple of 45?
False
Is 33 a factor of 37785?
True
Is 45 a factor of 190890?
True
Does 12 divide 51082?
False
Is 33 a factor of 1071294?
False
Is 15 a factor of 579817?
False
Is 6421927 a multiple of 1103?
False
Is 220 a factor of 78504?
False
Is 14 a factor of 3151?
False
Does 15 divide 19380?
True
Is 7314552 a multiple of 23?
True
Is 2 a factor of 11269?
False
Is 8663024 a multiple of 13?
False
Is 494969 a multiple of 89?
False
Does 677 divide 1642402?
True
Does 140 divide 1423647?
False
Is 33 a factor of 1660692?
True
Does 13 divide 8840728?
True
Is 6 a factor of 285258?
True
Is 35 a factor of 19240?
False
Is 456 a factor of 4813536?
True
Is 218 a factor of 61694?
True
Is 1674970 a multiple of 439?
False
Does 9 divide 914588?
False
Is 23529 a multiple of 22?
False
Is 81 a factor of 256514?
False
Is 853562 a multiple of 326?
False
Is 38 a factor of 227164?
True
Does 76 divide 2831056?
False
Is 14816559 a multiple of 10?
False
Is 673 a factor of 5463414?
True
Is 542 a factor of 571930?
False
Is 7 a factor of 598605?
True
Is 1822996 a multiple of 131?
True
Is 465 a factor of 345792?
False
Is 33719 a multiple of 7?
True
Does 14 divide 328499?
False
Does 23 divide 139863?
True
Is 2956788 a multiple of 507?
False
Is 108 a factor of 585428?
False
Does 305 divide 14698560?
True
Does 5 divide 6241968?
False
Is 408421 a multiple of 48?
False
Is 11253626 a multiple of 1382?
True
Does 229 divide 737066?
False
Is 24111 a multiple of 19?
True
Does 1005 divide 3328560?
True
Is 1350797 a multiple of 18?
False
Does 6 divide 35164?
False
Does 5 divide 258480?
True
Does 389 divide 1868756?
True
Does 11 divide 222233?
True
Does 22 divide 1760770?
True
Is 43 a factor of 1369736?
False
Is 5876367 a multiple of 132?
False
Is 478509 a multiple of 18?
False
Is 13984374 a multiple of 67?
True
Is 490176 a multiple of 8?
True
Does 26 divide 347282?
True
Does 52 divide 16900?
True
Is 2276887 a multiple of 22?
False
Is 1092109 a multiple of 81?
False
Is 4 a factor of 103680?
True
Does 68 divide 3597712?
False
Is 344931 a multiple of 11?
False
Is 245001 a multiple of 40?
False
Does 34 divide 90614?
False
Does 123 divide 14717657?
False
Does 6 divide 13028?
False
Does 252 divide 2162?
False
Is 209 a factor of 5776342?
True
Is 118 a factor of 1638666?
True
Is 2588406 a multiple of 17?
False
Is 15 a factor of 74089?
False
Is 2604 a factor of 15449532?
True
Is 1066546 a multiple of 38?
True
Is 5 a factor of 2079575?
True
Is 18 a factor of 112500?
True
Does 3 divide 34204?
False
Is 66 a factor of 388093?
False
Is 14 a factor of 60774?
True
Is 371898 a multiple of 142?
True
Is 702 a factor of 2704104?
True
Is 517 a factor of 5490751?
False
Does 16 divide 180471?
False
Is 370623 a multiple of 35?
False
Is 47 a factor of 231071?
False
Does 16 divide 22016?
True
Does 270 divide 1512270?
True
Is 83700 a multiple of 18?
True
Is 31 a factor of 1166125?
False
Is 5 a factor of 2905920?
True
Is 22 a factor of 5597526?
True
Does 108 divide 440964?
True
Is 8 a factor of 66000?
True
Is 377325 a multiple of 15?
True
Does 559 divide 8321964?
False
Does 627 divide 3057595?
False
Is 5 a factor of 6601361?
False
Is 141 a factor of 140577?
True
Does 10 divide 5030419?
False
Is 11 a factor of 3179737?
True
Does 12 divide 1952616?
True
Is 78 a factor of 37284?
True
Is 19 a factor of 1740571?
True
Is 201600 a multiple of 450?
True
Is 57113 a multiple of 41?
True
Is 359424 a multiple of 104?
True
Does 769 divide 182693?
False
Is 270171 a multiple of 33?
True
Is 8 a factor of 239291?
False
Does 175 divide 115675?
True
Does 148 divide 24124?
True
Is 3287279 a multiple of 69?
False
Is 897 a factor of 11292688?
False
Is 44450 a multiple of 134?
False
Is 969742 a multiple of 7?
False
Does 642 divide 9003136?
False
Is 613 a factor of 3990017?
True
Is 38 a factor of 12025262?
False
Does 19 divide 99390?
False
Is 52 a factor of 1235844?
False
Does 73 divide 3332742?
True
Is 126 a factor of 1066212?
True
Does 127 divide 22860?
True
Is 1540200 a multiple of 30?
True
Is 82624 a multiple of 16?
True
Is 27 a factor of 1262817?
True
Does 3 divide 2149342?
False
Is 15 a factor of 8841435?
True
Does 35 divide 1125355?
True
Is 675126 a multiple of 221?
False
Is 240777 a multiple of 127?
False
Is 117 a factor of 417089?
False
Is 9 a factor of 9137223?
True
Does 12 divide 320184?
True
Is 35391 a multiple of 2?
False
Does 36 divide 77868?
True
Is 992202 a multiple of 193?
False
Does 10 divide 181422?
False
Does 12 divide 11512547?
False
Does 16 divide 8736?
True
Does 12 divide 5493782?
False
Is 1059 a factor of 14130237?
True
Does 840 divide 6600115?
False
Is 18 a factor of 152952?
False
Is 67840 a multiple of 201?
False
Is 53 a factor of 252015?
True
Does 28 divide 13838244?
True
Does 105 divide 84457?
False
Is 105 a factor of 8222130?
True
Does 393 divide 5090406?
False
Does 13 divide 46943?
True
Is 93 a factor of 30306?
False
Does 9 divide 112679?
False
Is 49771 a multiple of 71?
True
Is 15 a factor of 36248?
False
Is 3959442 a multiple of 67?
False
Does 58 divide 477456?
True
Is 4446042 a multiple of 172?
False
Is 518425 a multiple of 233?
True
Is 106 a factor of 126705?
False
Is 45906 a multiple of 9?
False
Is 888060 a multiple of 76?
True
Is 12 a factor of 755412?
True
Does 18 divide 27978?
False
Is 4006755 a multiple of 6?
False
Is 3 a factor of 582907?
False
Is 5231235 a multiple of 295?
True
Does 4 divide 50034?
False
Does 110 divide 1604993?
False
Is 25 a factor of 550226?
False
Is 391356 a multiple of 12?
True
Is 64 a factor of 8372?
False
Is 75708 a multiple of 18?
True
Is 18 a factor of 30672?
True
Is 3034860 a multiple of 20?
True
Is 15 a factor of 13149640?
False
Is 5 a factor of 323910?
True
Is 1045437 a multiple of 57?
True
Does 19 divide 342399?
True
Is 19 a factor of 4778146?
False
Is 226 a factor of 1383798?
True
Does 68 divide 8587244?
True
Does 265 divide 277850?
False
Is 137794 a multiple of 3?
False
Does 3 divide 19928?
False
Is 25 a factor of 579410?
False
Is 21 a factor of 1307747?
False
Does 65 divide 1750214?
False
Is 27 a factor of 732159?
True
Does 411 divide 2346160?
False
Does 191 divide 220223?
True
Is 210816 a multiple of 216?
True
Is 29882 a multiple of 17?
False
Is 50545 a multiple of 24?
False
Is 115014 a multiple of 5?
False
Does 4 divide 321416?
True
Does 621 divide 1605960?
False
Does 12 divide 48559?
False
Is 2696360 a multiple of 20?
True
Is 22 a factor of 3457042?
False
Is 58 a factor of 210438?
False
Is 5744502 a multiple of 18?
True
Is 3798 a multiple of 6?
True
Is 186322 a multiple of 313?
False
Is 88 a factor of 4108028?
False
Is 15 a factor of 359530?
False
Does 56 divide 1576778?
False
Is 393 a factor of 312684?
False
Is 76000 a multiple of 19?
True
Is 2249106 a multiple of 57?
True
Is 7 a factor of 238061?
False
Does 9 divide 1051319?
False
Is 213 a factor of 43239?
True
Does 85 divide 51000?
True
Is 60 a factor of 1090993?
False
Does 2538 divide 13939268?
False
Is 26587943 a multiple of 635?
False
Does 210 divide 50215?
False
Does 6 divide 17052?
True
Is 442693 a multiple of 16?
False
Is 263 a factor of 3251206?
True
Does 7 divide 96804?
False
Is 15 a factor of 1601847?
False
Does 1472 divide 13715866?
False
Is 215533 a multiple of 142?
False
Is 38 a factor of 85607?
False
Is 6922 a multiple of 7?
False
Is 12 a factor of 15047726?
False
Is 331166 a multiple of 325?
False
Is 28 a factor of 37925?
False
Is 11 a factor of 1221803?
True
Is 180 a factor of 661860?
True
Is 18 a factor of 12546?
True
Does 30 divide 755520?
True
Is 479 a factor of 128473?
False
Is 10 a factor of 3725380?
True
Is 3815366 a multiple of 34?
False
Does 38 divide 190076?
True
Does